base 10) in base 5?
-440442
What is 203 (base 11) in base 9?
302
What is -6c8 (base 13) in base 5?
-14203
Convert 997 (base 13) to base 8.
3155
What is -121101 (base 3) in base 16?
-1ba
What is -2316 (base 10) in base 3?
-10011210
What is 300333 (base 6) in base 7?
125250
What is -395 (base 15) in base 4?
-30233
Convert -1101001111 (base 2) to base 9.
-1141
-4370 (base 14) to base 8
-26616
-1010110 (base 2) to base 6
-222
Convert -101 (base 15) to base 7.
-442
43511 (base 6) to base 14
229d
206 (base 8) to base 12
b2
What is -2001220 (base 3) in base 9?
-2056
What is 35340 (base 6) in base 4?
1033230
1ab (base 15) to base 16
182
-297 (base 10) to base 8
-451
Convert 16205 (base 9) to base 5.
323402
Convert -16554 (base 11) to base 7.
-124622
Convert 100100010 (base 2) to base 14.
16a
211 (base 5) to base 2
111000
-23405 (base 6) to base 10
-3389
What is -25247 (base 8) in base 13?
-4c7c
-71b (base 15) to base 8
-3101
Convert -1101010101100001 (base 2) to base 13.
-1bb2c
505 (base 9) to base 14
214
Convert 1220011 (base 4) to base 6.
50501
What is -204b (base 12) in base 9?
-4735
-332313 (base 5) to base 7
-45525
-5c5 (base 14) to base 15
-51d
What is -113464 (base 8) in base 16?
-9734
Convert -105a (base 14) to base 16.
-b08
-132 (base 15) to base 13
-17c
What is 200251 (base 6) in base 8?
36447
-15408 (base 10) to base 16
-3c30
What is df (base 16) in base 13?
142
-1242 (base 5) to base 10
-197
-10214 (base 6) to base 7
-4006
Convert -14315 (base 7) to base 6.
-30112
What is 428 (base 10) in base 13?
26c
Convert 14404 (base 6) to base 9.
3144
What is 3636 (base 8) in base 2?
11110011110
Convert -100111000011 (base 2) to base 3.
-10102120
-32623 (base 10) to base 5
-2020443
What is -10100110101 (base 2) in base 6?
-10101
What is c8b (base 14) in base 5?
34400
1000110101111101 (base 2) to base 16
8d7d
1c5 (base 14) to base 5
2434
Convert -1189 (base 14) to base 2.
-101111110101
What is -32301 (base 5) in base 3?
-10000112
Convert 12333300 (base 4) to base 13.
10074
-746 (base 10) to base 4
-23222
Convert 310 (base 5) to base 14.
5a
Convert 32103 (base 4) to base 13.
555
Convert 10220122 (base 3) to base 10.
2852
Convert 3385 (base 12) to base 13.
27aa
-11142 (base 11) to base 15
-4bae
Convert -1103313 (base 4) to base 16.
-14f7
What is 2239 (base 14) in base 6?
43243
What is 427 (base 16) in base 7?
3046
What is -37 (base 14) in base 16?
-31
-3b03 (base 14) to base 11
-7897
-1891 (base 12) to base 2
-101110101101
Convert 120002 (base 3) to base 5.
3112
What is 561 (base 10) in base 13?
342
What is 202a5 (base 13) in base 9?
87004
3012203 (base 5) to base 6
1005151
-120211 (base 3) to base 6
-1551
Convert -122010 (base 3) to base 16.
-1ce
Convert 155a (base 11) to base 16.
7d1
6671 (base 13) to base 7
56441
Convert -11000000 (base 2) to base 4.
-3000
What is 92ed (base 15) in base 13?
11194
Convert 4444 (base 5) to base 8.
1160
125c8 (base 15) to base 5
3334223
What is -d89 (base 14) in base 4?
-221231
Convert 15252 (base 8) to base 14.
26b8
-67471 (base 10) to base 4
-100132033
-ae (base 15) to base 3
-20002
Convert 1010101011101 (base 2) to base 13.
2649
Convert -279 (base 13) to base 7.
-1164
Convert a117 (base 12) to base 9.
25831
5022 (base 13) to base 5
323023
What is 5267 (base 12) in base 13?
413b
Convert 2c5 (base 15) to base 4.
21323
Convert 1616 (base 11) to base 3.
2211211
Convert 2528 (base 12) to base 2.
1000001110000
-1009 (base 11) to base 6
-10112
Convert -10327 (base 10) to base 16.
-2857
Convert 20252 (base 6) to base 14.
da8
Convert -13a1 (base 13) to base 12.
-1783
Convert 80 (base 10) to base 12.
68
Convert 1012011022 (base 3) to base 12.
11698
-13996 (base 13) to base 16
-8fbc
Convert 11100111101 (base 2) to base 5.
24403
Convert -17000 (base 9) to base 6.
-130000
Convert 271 (base 16) to base 5.
10000
What is 5526 (base 8) in base 16?
b56
-5523 (base 10) to base 6
-41323
Convert -2711 (base 8) to base 3.
-2000212
2022 (base 9) to base 2
10111000110
What is 214 (base 11) in base 8?
401
What is -2152 (base 11) in base 13?
-13a6
Convert -18a (base 11) to base 15.
-e9
What is -b57 (base 16) in base 13?
-1424
What is 10010010011 (base 2) in base 11?
975
Convert -461 (base 11) to base 14.
-2b5
-13301123 (base 4) to base 3
-1121200002
-212121 (base 3) to base 14
-337
What is 467 (base 10) in base 8?
723
cbc (base 16) to base 8
6274
What is -1d2b (base 14) in base 13?
-2571
What is -84dc (base 15) in base 2?
-110110111001011
Convert -10022120 (base 3) to base 8.
-4562
Convert -332310 (base 4) to base 9.
-5456
8221 (base 12) to base 7
56134
What is -1021341 (base 5) in base 13?
-7a21
Convert 5413 (base 8) to base 10.
2827
-2505 (base 8) to base 15
-5ee
-34436 (base 8) to base 15
-44ec
Convert 615 (base 13) to base 16.
408
Convert 1010101111000 (base 2) to base 5.
133441
What is -1022101 (base 3) in base 7?
-2533
-275b (base 12) to base 9
-6188
What is -3724 (base 15) in base 4?
-2313112
745 (base 11) to base 15
3eb
Convert 106a (base 11) to base 2.
10101111111
Convert a22 (base 13) to base 8.
3266
20320 (base 4) to base 2
1000111000
b1a (base 13) to base 14
986
-12121012 (base 4) to base 16
-6646
Convert -16253 (base 11) to base 8.
-54617
2355 (base 9) to base 10
1751
Convert 11036 (base 11) to base 13.
7398
Convert 1060 (base 12) to base 11.
1397
What is -73a (base 11) in base 4?
-31322
What is -22333 (base 8) in base 2?
-10010011011011
What is -18b3 (base 13) in base 14?
-14bd
Convert -676 (base 16) to base 12.
-b5a
Convert -4266 (base 9) to base 14.
-1202
3525 (base 15) to base 5
330120
Convert -51621 (base 7) to base 10.
-12657
-1023421 (base 5) to base 12
-a069
Convert -354 (base 13) to base 16.
-240
Convert -26823 (base 10) to base 16.
-68c7
356 (base 12) to base 9
613
Convert 21204 (base 5) to base 3.
1221221
What is 8733 (base 11) in base 7?
45422
225 (base 12) to base 3
102202
-1020111 (base 3) to base 13
-547
What is -1098 (base 13) in base 8?
-4422
What is -434 (base 14) in base 6?
-3502
What is -202746 (base 8) in base 11?
-46411
What is -5980a (base 11) in base 7?
-506126
-14a39 (base 11) to base 3
-1002002211
What is -1128 (base 10) in base 6?
-5120
What is 152510 (base 7) in base 9?
44725
What is 78 (base 15) in base 3?
11012
What is -1561 (base 8) in base 12?
-615
What is -51202 (base 6) in base 7?
-25511
What is 113645 (base 9) in base 5?
4141244
3553 (base 7) to base 9
1717
-2242 (base 10) to base 2
-100011000010
What is 10302113 (base 4) in base 14?
7207
What is -26165 (base 7) in base 2?
-1101100101100
-43202 (base 6) to base 16
-1712
What is 6bb (base 12) in base 9?
1338
Convert -11530 (base 6) to base 3.
-2100100
10231310 (base 4) to base 11
13570
What is 15d (base 14) in base 16?
117
-3cea (base 15) to base 5
-404140
What is 14104 (base 6) in base 7?
6262
Convert -21133203 (base 4) to base 14.
-10255
-816 (base 10) to base 5
-11231
-220111 (base 5) to base 11
-5727
Convert 1077 (base 12) to base 5.
24234
1333441 (base 5) to base 2
110101011101011
Convert -190 (base 12) to base 13.
-165
1231 (base 6) to base 8
463
Convert -86583 (base 9) to base 3.
-2220122210
What is -66e0 (base 16) in base 5?
-1320321
-1000000101 (base 2) to base 15
-247
What is -210000 (base 3) in base 10?
-567
Convert -2205 (base 8) to base 9.
-1525
What is bba (base 14) in base 16?
910
4088 (base 12) to base 2
1101101101000
-1320343 (base 6) to base 10
-72711
What is -2b2 (base 13) in base 8?
-743
What is -6150 (base 11) in base 9?
-12168
What is -676 (base 15) in base 8?
-2665
1c6b (base 16) to base 13
3408
-4742 (base 12) to base 9
-11835
What is 1031311 (base 4) in base 10?
4981
Convert 647b (base 13) to base 5.
421320
-20302233 (base 4) to base 13
-13515
-201001200 (base 3) to base 9
-21050
-322300 (base 5) to base 9
-16016
-21131232 (base 4) to base 2
-1001011101101110
Convert -112010001 (base 3) to base 15.
-30ad
2714 (base 8) to base 6
10512
-8654 (base 16) to base 5
-2100023
13233 (base 4) to base 15
230
-143663 (base 7) to base 8
-66203
What is 713 (base 8) in base 2?
111001011
Convert 2263 (base 11) to base 15.
d33
200022211 (base 3) to base 15
3e5a
What is 2044 (base 5) in base 7?
541
-484 (base 10) to base 8
-744
3b65 (base 14) to base 15
3187
20021 (base 5) to base 15
591
Convert 111000221 (base 3) to base 16.
251e
3123